{"id":802,"date":"2020-03-30T07:52:05","date_gmt":"2020-03-30T11:52:05","guid":{"rendered":"http:\/\/profsenligne.free.fr\/?page_id=802"},"modified":"2020-05-10T15:53:23","modified_gmt":"2020-05-10T19:53:23","slug":"ce2a","status":"publish","type":"page","link":"https:\/\/profsenligne.net\/index.php\/ce2a\/","title":{"rendered":"CE2A"},"content":{"rendered":"\n<p>En cette semaine du 11 mai, votre ma\u00eetresse vous d\u00e9livre l&#8217;emploi du temps :<\/p>\n\n\n\n<div class=\"wp-block-buttons is-layout-flex wp-block-buttons-is-layout-flex\">\n<div class=\"wp-block-button\"><a class=\"wp-block-button__link has-text-color has-very-light-gray-color has-background has-luminous-vivid-amber-background-color\" href=\"\/wp-content\/uploads\/mai2020\/ARR\/CE2A\/PDT1.pdf\">Plan de travail s\u00e9rie 1<\/a><\/div>\n\n\n\n<div class=\"wp-block-button is-style-outline\"><a class=\"wp-block-button__link has-text-color has-very-light-gray-color has-background has-luminous-vivid-amber-background-color\" href=\"\/wp-content\/uploads\/mai2020\/ARR\/CE2A\/PDT2.pdf\">Plan de travail s\u00e9rie 2<\/a><\/div>\n<\/div>\n\n\n\n<p><\/p>\n\n\n\n<hr class=\"wp-block-separator\"\/>\n\n\n\n<p>Pour cette reprise d&#8217;avril, voici le programme que votre ma\u00eetresse <strong>Magali<\/strong> vous propose :<\/p>\n\n\n\n<div class=\"wp-block-buttons is-layout-flex wp-block-buttons-is-layout-flex\">\n<div class=\"wp-block-button\"><a class=\"wp-block-button__link has-text-color has-very-light-gray-color has-background has-luminous-vivid-amber-background-color\" href=\"\/wp-content\/uploads\/avril2020\/ARR\/CE2A\/PDT_GA.pdf\">Plan de travail Groupe A<\/a><\/div>\n\n\n\n<div class=\"wp-block-button is-style-outline\"><a class=\"wp-block-button__link has-text-color has-very-light-gray-color has-background has-luminous-vivid-amber-background-color\" href=\"\/wp-content\/uploads\/avril2020\/ARR\/CE2A\/PDT_GB.pdf\">Plan de travail Groupe B<\/a><\/div>\n<\/div>\n\n\n\n<hr class=\"wp-block-separator\"\/>\n\n\n\n<p>Ma\u00eetresse <strong>Magali <\/strong>vous donne le programme de la semaine :<\/p>\n\n\n\n<div class=\"wp-block-buttons is-layout-flex wp-block-buttons-is-layout-flex\">\n<div class=\"wp-block-button\"><a class=\"wp-block-button__link has-text-color has-very-light-gray-color has-background has-luminous-vivid-amber-background-color\" href=\"\/wp-content\/uploads\/mars2020\/Docs\/ARR\/CE2A\/Plan_travail_sem_Ga.pdf\">Plan de travail Groupe A<\/a><\/div>\n<\/div>\n\n\n\n<p>Elle vous propose \u00e9galement ces exercices pour apprendre \u00e0 jongler :<\/p>\n\n\n\n<div class=\"wp-block-buttons is-layout-flex wp-block-buttons-is-layout-flex\">\n<div class=\"wp-block-button\"><a class=\"wp-block-button__link has-text-color has-very-light-gray-color has-background has-vivid-cyan-blue-background-color\" href=\"\/wp-content\/uploads\/mars2020\/Docs\/ARR\/CE2A\/Jonglage.pdf\">Jonglage<\/a><\/div>\n<\/div>\n\n\n\n<hr class=\"wp-block-separator\"\/>\n","protected":false},"excerpt":{"rendered":"<p>En cette semaine du 11 mai, votre ma\u00eetresse vous d\u00e9livre l&#8217;emploi du temps : Pour cette reprise d&#8217;avril, voici le programme que votre ma\u00eetresse Magali vous propose : Ma\u00eetresse Magali vous donne le programme de la semaine : Elle vous propose \u00e9galement ces exercices pour apprendre \u00e0 jongler :<\/p>\n","protected":false},"author":2,"featured_media":0,"parent":0,"menu_order":0,"comment_status":"closed","ping_status":"closed","template":"","meta":{"footnotes":""},"_links":{"self":[{"href":"https:\/\/profsenligne.net\/index.php\/wp-json\/wp\/v2\/pages\/802"}],"collection":[{"href":"https:\/\/profsenligne.net\/index.php\/wp-json\/wp\/v2\/pages"}],"about":[{"href":"https:\/\/profsenligne.net\/index.php\/wp-json\/wp\/v2\/types\/page"}],"author":[{"embeddable":true,"href":"https:\/\/profsenligne.net\/index.php\/wp-json\/wp\/v2\/users\/2"}],"replies":[{"embeddable":true,"href":"https:\/\/profsenligne.net\/index.php\/wp-json\/wp\/v2\/comments?post=802"}],"version-history":[{"count":8,"href":"https:\/\/profsenligne.net\/index.php\/wp-json\/wp\/v2\/pages\/802\/revisions"}],"predecessor-version":[{"id":2815,"href":"https:\/\/profsenligne.net\/index.php\/wp-json\/wp\/v2\/pages\/802\/revisions\/2815"}],"wp:attachment":[{"href":"https:\/\/profsenligne.net\/index.php\/wp-json\/wp\/v2\/media?parent=802"}],"curies":[{"name":"wp","href":"https:\/\/api.w.org\/{rel}","templated":true}]}}