{"id":4706,"date":"2024-10-28T22:43:03","date_gmt":"2024-10-29T02:43:03","guid":{"rendered":"https:\/\/profsenligne.net\/?page_id=4706"},"modified":"2024-10-28T22:49:22","modified_gmt":"2024-10-29T02:49:22","slug":"learningapps","status":"publish","type":"page","link":"https:\/\/profsenligne.net\/index.php\/learningapps\/","title":{"rendered":"LearningApps"},"content":{"rendered":"\n<p>Cr\u00e9ation d&#8217;activit\u00e9s interactives en toute simplicit\u00e9.<\/p>\n\n\n\n<a class=\"maxbutton-19 maxbutton\" href=\"https:\/\/learningapps.org\/index.php?overview&amp;s=&amp;category=0&amp;tool=\"><span class='mb-text'>Inscription<\/span><\/a>\n\n\n\n<a class=\"maxbutton-20 maxbutton\" href=\"https:\/\/www.youtube.com\/watch?v=2mRAC-OdKIo\"><span class='mb-text'>Tutoriel<\/span><\/a>\n","protected":false},"excerpt":{"rendered":"<p>Cr\u00e9ation d&#8217;activit\u00e9s interactives en toute simplicit\u00e9. \u00a0 &nbsp;<\/p>\n","protected":false},"author":2,"featured_media":0,"parent":0,"menu_order":0,"comment_status":"closed","ping_status":"closed","template":"","meta":{"footnotes":""},"_links":{"self":[{"href":"https:\/\/profsenligne.net\/index.php\/wp-json\/wp\/v2\/pages\/4706"}],"collection":[{"href":"https:\/\/profsenligne.net\/index.php\/wp-json\/wp\/v2\/pages"}],"about":[{"href":"https:\/\/profsenligne.net\/index.php\/wp-json\/wp\/v2\/types\/page"}],"author":[{"embeddable":true,"href":"https:\/\/profsenligne.net\/index.php\/wp-json\/wp\/v2\/users\/2"}],"replies":[{"embeddable":true,"href":"https:\/\/profsenligne.net\/index.php\/wp-json\/wp\/v2\/comments?post=4706"}],"version-history":[{"count":4,"href":"https:\/\/profsenligne.net\/index.php\/wp-json\/wp\/v2\/pages\/4706\/revisions"}],"predecessor-version":[{"id":4711,"href":"https:\/\/profsenligne.net\/index.php\/wp-json\/wp\/v2\/pages\/4706\/revisions\/4711"}],"wp:attachment":[{"href":"https:\/\/profsenligne.net\/index.php\/wp-json\/wp\/v2\/media?parent=4706"}],"curies":[{"name":"wp","href":"https:\/\/api.w.org\/{rel}","templated":true}]}}