{"id":457,"date":"2020-03-24T10:25:31","date_gmt":"2020-03-24T09:25:31","guid":{"rendered":"http:\/\/profsenligne.free.fr\/?page_id=457"},"modified":"2020-05-28T19:57:06","modified_gmt":"2020-05-28T23:57:06","slug":"ce2b","status":"publish","type":"page","link":"https:\/\/profsenligne.net\/index.php\/ce2b\/","title":{"rendered":"CE2B"},"content":{"rendered":"\n<p>Pour ce lundi 25 mai, votre ma\u00eetresse <strong>Agn\u00e8s<\/strong> vous invite \u00e0 revoir le tableau des unit\u00e9s de contenance et l&#8217;imparfait de l&#8217;indicatif :<\/p>\n\n\n\n<p><\/p>\n\n\n\n<p class=\"has-medium-font-size\"><strong>Conversions : litre, d\u00e9cilitre et centilitre<\/strong><\/p>\n\n\n\n<figure class=\"wp-block-video\"><video controls src=\"https:\/\/profsenligne.net\/wp-content\/uploads\/mai2020\/EG\/CE2B\/Conv.mp4\"><\/video><\/figure>\n\n\n\n<p><\/p>\n\n\n\n<p class=\"has-medium-font-size\"><strong>L&#8217;imparfait de l&#8217;indicatif<\/strong><\/p>\n\n\n\n<figure class=\"wp-block-video\"><video controls src=\"https:\/\/profsenligne.net\/wp-content\/uploads\/mai2020\/EG\/CE2B\/Imparfait.mp4\"><\/video><\/figure>\n\n\n\n<p><\/p>\n\n\n\n<hr class=\"wp-block-separator\"\/>\n\n\n\n<p>En cette semaine du 11 mai, voici ce que vous a pr\u00e9par\u00e9 <strong>Agn\u00e8s<\/strong>, votre ma\u00eetresse :<\/p>\n\n\n\n<p class=\"has-medium-font-size\"><strong>Math\u00e9matiques<\/strong><\/p>\n\n\n\n<figure class=\"wp-block-video\"><video controls src=\"https:\/\/profsenligne.net\/wp-content\/uploads\/mai2020\/EG\/CE2B\/Masses1.mp4\"><\/video><figcaption><strong>Les masses<\/strong><\/figcaption><\/figure>\n\n\n\n<figure class=\"wp-block-video\"><video controls src=\"https:\/\/profsenligne.net\/wp-content\/uploads\/mai2020\/EG\/CE2B\/Chiffres.mp4\"><\/video><figcaption><strong>Nombres et Chiffres romains<\/strong><\/figcaption><\/figure>\n\n\n\n<p><\/p>\n\n\n\n<hr class=\"wp-block-separator\"\/>\n\n\n\n<p>En cette veille du 1er mai, votre ma\u00eetresse vous propose de travailler en math\u00e9matiques sur les mesures de contenance :<\/p>\n\n\n\n<div class=\"wp-block-buttons is-layout-flex wp-block-buttons-is-layout-flex\">\n<div class=\"wp-block-button\"><a class=\"wp-block-button__link has-text-color has-very-light-gray-color has-background has-vivid-cyan-blue-background-color\" href=\"\/wp-content\/uploads\/avril2020\/EG\/CE2B\/Capa_contenance.pdf\">Contenance (version PDF)<\/a><\/div>\n<\/div>\n\n\n\n<figure class=\"wp-block-video\"><video controls src=\"https:\/\/profsenligne.net\/wp-content\/uploads\/avril2020\/EG\/CE2B\/Capa_contenance.mp4\"><\/video><figcaption><strong>Les contenances<\/strong><\/figcaption><\/figure>\n\n\n\n<hr class=\"wp-block-separator\"\/>\n\n\n\n<p>Pour cette semaine d&#8217;avril, ma\u00eetresse <strong>Agn\u00e8s<\/strong> vous a pr\u00e9par\u00e9 les activit\u00e9s suivantes :<\/p>\n\n\n\n<p class=\"has-medium-font-size\"><strong>Grammaire<\/strong><\/p>\n\n\n\n<figure class=\"wp-block-video\"><video controls src=\"https:\/\/profsenligne.net\/wp-content\/uploads\/avril2020\/EG\/CE2B\/Determinants.mp4\"><\/video><figcaption><strong>Les d\u00e9terminants<\/strong><\/figcaption><\/figure>\n\n\n\n<figure class=\"wp-block-video\"><video controls src=\"https:\/\/profsenligne.net\/wp-content\/uploads\/avril2020\/EG\/CE2B\/Fonctions_GN.mp4\"><\/video><figcaption><strong>\u00c9tude du Groupe Nominal<\/strong><\/figcaption><\/figure>\n\n\n\n<div class=\"wp-block-buttons is-layout-flex wp-block-buttons-is-layout-flex\">\n<div class=\"wp-block-button\"><a class=\"wp-block-button__link\"><\/a><\/div>\n<\/div>\n\n\n\n<p><\/p>\n\n\n\n<hr class=\"wp-block-separator\"\/>\n\n\n\n<p>Ma\u00eetresse <strong>Agn\u00e8s<\/strong> vous pr\u00e9sente les activit\u00e9s \u00e0 effectuer pour ces vacances de P\u00e2ques sous forme de livret :<\/p>\n\n\n\n<div class=\"wp-block-buttons is-layout-flex wp-block-buttons-is-layout-flex\">\n<div class=\"wp-block-button\"><a class=\"wp-block-button__link has-text-color has-very-light-gray-color has-background has-vivid-purple-background-color\" href=\"\/wp-content\/uploads\/avril2020\/EG\/CE2B\/Livret_vacances.pdf\">Livret de vacances<\/a><\/div>\n<\/div>\n\n\n\n<hr class=\"wp-block-separator\"\/>\n\n\n\n<div class=\"wp-block-buttons is-layout-flex wp-block-buttons-is-layout-flex\">\n<div class=\"wp-block-button\"><a class=\"wp-block-button__link has-text-color has-very-light-gray-color has-background has-luminous-vivid-amber-background-color\" href=\"\/wp-content\/uploads\/mars2020\/Docs\/EG\/CE2B\/Prog_16_a_20.pdf\">Programme du 16 au 20 mars<\/a><\/div>\n\n\n\n<div class=\"wp-block-button is-style-fill\"><a class=\"wp-block-button__link has-text-color has-very-light-gray-color has-background has-luminous-vivid-amber-background-color\" href=\"\/wp-content\/uploads\/mars2020\/Docs\/EG\/CE2B\/Prog_23_a_27.pdf\">Programme du 23 au 27 mars<\/a><\/div>\n<\/div>\n\n\n\n<p><strong>Fran\u00e7ais<\/strong><\/p>\n\n\n\n<div class=\"wp-block-buttons is-layout-flex wp-block-buttons-is-layout-flex\">\n<div class=\"wp-block-button\"><a class=\"wp-block-button__link has-text-color has-very-light-gray-color has-background has-vivid-cyan-blue-background-color\" href=\"\/wp-content\/uploads\/mars2020\/Docs\/EG\/CE2B\/Voc.pdf\">Vocabulaire<\/a><\/div>\n\n\n\n<div class=\"wp-block-button is-style-fill\"><a class=\"wp-block-button__link has-text-color has-very-light-gray-color has-background has-vivid-cyan-blue-background-color\" href=\"\/wp-content\/uploads\/mars2020\/Docs\/EG\/CE2B\/Poesie.pdf\">Po\u00e9sie<\/a><\/div>\n<\/div>\n\n\n\n<p>Ma\u00eetresse<strong> Agn\u00e8s<\/strong> vous partage cette activit\u00e9 :<\/p>\n\n\n\n<div class=\"wp-block-buttons is-layout-flex wp-block-buttons-is-layout-flex\">\n<div class=\"wp-block-button\"><a class=\"wp-block-button__link has-text-color has-very-light-gray-color has-background has-vivid-cyan-blue-background-color\" href=\"\/wp-content\/uploads\/mars2020\/Docs\/EG\/CE2B\/Cahier_de_sons.pdf\">Cahier de sons<\/a><\/div>\n<\/div>\n\n\n\n<hr class=\"wp-block-separator\"\/>\n","protected":false},"excerpt":{"rendered":"<p>Pour ce lundi 25 mai, votre ma\u00eetresse Agn\u00e8s vous invite \u00e0 revoir le tableau des unit\u00e9s de contenance et l&#8217;imparfait de l&#8217;indicatif : Conversions : litre, d\u00e9cilitre et centilitre L&#8217;imparfait de l&#8217;indicatif En cette semaine du 11 mai, voici ce que vous a pr\u00e9par\u00e9 Agn\u00e8s, votre ma\u00eetresse : Math\u00e9matiques En cette veille du 1er mai, &hellip; <\/p>\n<p class=\"link-more\"><a href=\"https:\/\/profsenligne.net\/index.php\/ce2b\/\" class=\"more-link\">Continue reading<span class=\"screen-reader-text\"> &#8220;CE2B&#8221;<\/span><\/a><\/p>\n","protected":false},"author":2,"featured_media":0,"parent":0,"menu_order":0,"comment_status":"closed","ping_status":"closed","template":"","meta":{"footnotes":""},"_links":{"self":[{"href":"https:\/\/profsenligne.net\/index.php\/wp-json\/wp\/v2\/pages\/457"}],"collection":[{"href":"https:\/\/profsenligne.net\/index.php\/wp-json\/wp\/v2\/pages"}],"about":[{"href":"https:\/\/profsenligne.net\/index.php\/wp-json\/wp\/v2\/types\/page"}],"author":[{"embeddable":true,"href":"https:\/\/profsenligne.net\/index.php\/wp-json\/wp\/v2\/users\/2"}],"replies":[{"embeddable":true,"href":"https:\/\/profsenligne.net\/index.php\/wp-json\/wp\/v2\/comments?post=457"}],"version-history":[{"count":41,"href":"https:\/\/profsenligne.net\/index.php\/wp-json\/wp\/v2\/pages\/457\/revisions"}],"predecessor-version":[{"id":3338,"href":"https:\/\/profsenligne.net\/index.php\/wp-json\/wp\/v2\/pages\/457\/revisions\/3338"}],"wp:attachment":[{"href":"https:\/\/profsenligne.net\/index.php\/wp-json\/wp\/v2\/media?parent=457"}],"curies":[{"name":"wp","href":"https:\/\/api.w.org\/{rel}","templated":true}]}}