{"id":403,"date":"2020-03-23T18:07:53","date_gmt":"2020-03-23T17:07:53","guid":{"rendered":"http:\/\/profsenligne.free.fr\/?page_id=403"},"modified":"2020-06-28T20:42:35","modified_gmt":"2020-06-29T00:42:35","slug":"ps-2","status":"publish","type":"page","link":"https:\/\/profsenligne.net\/index.php\/ps-2\/","title":{"rendered":"PSA"},"content":{"rendered":"\n<p>En cette fin d&#8217;ann\u00e9e scolaire, votre ma\u00eetresse <strong>B\u00e9atrice<\/strong> vous propose les activit\u00e9s suivantes :<\/p>\n\n\n\n<div class=\"wp-block-buttons is-layout-flex wp-block-buttons-is-layout-flex\">\n<div class=\"wp-block-button\"><a class=\"wp-block-button__link has-text-color has-very-light-gray-color has-background has-vivid-purple-background-color\" href=\"\/wp-content\/uploads\/juin2020\/CLA\/PSA\/Activites_29_06.pdf\">Activit\u00e9s du 29 au 3 juillet<\/a><\/div>\n<\/div>\n\n\n\n<p><\/p>\n\n\n\n<hr class=\"wp-block-separator\"\/>\n\n\n\n<p>Pour cette semaine du 15 au 19 juin, vole ma\u00eetresse vous livre les activit\u00e9s \u00e0 r\u00e9aliser :<\/p>\n\n\n\n<div class=\"wp-block-buttons is-layout-flex wp-block-buttons-is-layout-flex\">\n<div class=\"wp-block-button\"><a class=\"wp-block-button__link has-text-color has-very-light-gray-color has-background has-vivid-purple-background-color\" href=\"\/wp-content\/uploads\/juin2020\/CLA\/PSA\/Activites_15_06.pdf\">Activit\u00e9s du 15 au 19 juin<\/a><\/div>\n<\/div>\n\n\n\n<p><\/p>\n\n\n\n<hr class=\"wp-block-separator\"\/>\n\n\n\n<p>Pour la p\u00e9riode du 25 mai au 15 juin,, voici les activit\u00e9s que vous propose votre ma\u00eetresse <strong>B\u00e9atrice<\/strong> :<\/p>\n\n\n\n<a class=\"maxbutton-8 maxbutton maxbutton-bouton-activites\" href=\"https:\/\/profsenligne.net\/wp-content\/uploads\/mai2020\/CLA\/PSA\/Activites27.pdf\"><span class='mb-text'>Activit\u00e9s du 27 mai<\/span><\/a>\n\n\n\n<p><\/p>\n\n\n\n<hr class=\"wp-block-separator\"\/>\n\n\n\n<p>Pour cette premi\u00e8re semaine du mois de mai, votre ma\u00eetresse vous a pr\u00e9par\u00e9 le livret d&#8217;activit\u00e9s suivant :<\/p>\n\n\n\n<a class=\"maxbutton-1 maxbutton maxbutton-bouton-d-activites\" href=\"https:\/\/profsenligne.net\/wp-content\/uploads\/mai2020\/CLA\/PSA\/Activites_04_05.pdf\"><span class='mb-text'>Livret d&#039;activit\u00e9s<\/span><\/a>\n\n\n\n<p><\/p>\n\n\n\n<hr class=\"wp-block-separator\"\/>\n\n\n\n<p>D\u00e9couvrez les nouvelles activit\u00e9s propos\u00e9es par votre ma\u00eetresse<strong> B\u00e9atrice<\/strong> :<\/p>\n\n\n\n<div class=\"wp-block-buttons is-layout-flex wp-block-buttons-is-layout-flex\">\n<div class=\"wp-block-button\"><a class=\"wp-block-button__link has-text-color has-very-light-gray-color has-background has-luminous-vivid-amber-background-color\" href=\"\/wp-content\/uploads\/mars2020\/Docs\/CLA\/PSA\/Recommandations.pdf\">Recommandations aux parents<\/a><\/div>\n<\/div>\n\n\n\n<p><strong>Activit\u00e9s<\/strong><\/p>\n\n\n\n<div class=\"wp-block-buttons is-layout-flex wp-block-buttons-is-layout-flex\">\n<div class=\"wp-block-button\"><a class=\"wp-block-button__link has-text-color has-very-light-gray-color has-background has-vivid-cyan-blue-background-color\" href=\"\/wp-content\/uploads\/mars2020\/Docs\/CLA\/PSA\/Reperage.pdf\">Rep\u00e9rage<\/a><\/div>\n\n\n\n<div class=\"wp-block-button is-style-fill\"><a class=\"wp-block-button__link has-text-color has-very-light-gray-color has-background has-vivid-cyan-blue-background-color\" href=\"\/wp-content\/uploads\/mars2020\/Docs\/CLA\/PSA\/Ajuster_coll.pdf\">Quantit\u00e9s 1<\/a><\/div>\n\n\n\n<div class=\"wp-block-button is-style-outline\"><a class=\"wp-block-button__link has-text-color has-very-light-gray-color has-background has-vivid-cyan-blue-background-color\" href=\"\/wp-content\/uploads\/mars2020\/Docs\/CLA\/PSA\/Compter.pdf\">Quantit\u00e9s 2<\/a><\/div>\n\n\n\n<div class=\"wp-block-button is-style-outline\"><a class=\"wp-block-button__link has-text-color has-very-light-gray-color has-background has-vivid-cyan-blue-background-color\" href=\"\/wp-content\/uploads\/mars2020\/Docs\/CLA\/PSA\/Appariements.pdf\">Appariements<\/a><\/div>\n\n\n\n<div class=\"wp-block-button is-style-outline\"><a class=\"wp-block-button__link has-text-color has-very-light-gray-color has-background has-vivid-cyan-blue-background-color\" href=\"\/wp-content\/uploads\/mars2020\/Docs\/CLA\/PSA\/Jeu_des_pierres_rafara.pdf\">D\u00e9nombrement<\/a><\/div>\n<\/div>\n\n\n\n<hr class=\"wp-block-separator\"\/>\n","protected":false},"excerpt":{"rendered":"<p>En cette fin d&#8217;ann\u00e9e scolaire, votre ma\u00eetresse B\u00e9atrice vous propose les activit\u00e9s suivantes : Pour cette semaine du 15 au 19 juin, vole ma\u00eetresse vous livre les activit\u00e9s \u00e0 r\u00e9aliser : Pour la p\u00e9riode du 25 mai au 15 juin,, voici les activit\u00e9s que vous propose votre ma\u00eetresse B\u00e9atrice : &nbsp; Pour cette premi\u00e8re semaine &hellip; <\/p>\n<p class=\"link-more\"><a href=\"https:\/\/profsenligne.net\/index.php\/ps-2\/\" class=\"more-link\">Continue reading<span class=\"screen-reader-text\"> &#8220;PSA&#8221;<\/span><\/a><\/p>\n","protected":false},"author":2,"featured_media":0,"parent":0,"menu_order":0,"comment_status":"closed","ping_status":"closed","template":"","meta":{"footnotes":""},"_links":{"self":[{"href":"https:\/\/profsenligne.net\/index.php\/wp-json\/wp\/v2\/pages\/403"}],"collection":[{"href":"https:\/\/profsenligne.net\/index.php\/wp-json\/wp\/v2\/pages"}],"about":[{"href":"https:\/\/profsenligne.net\/index.php\/wp-json\/wp\/v2\/types\/page"}],"author":[{"embeddable":true,"href":"https:\/\/profsenligne.net\/index.php\/wp-json\/wp\/v2\/users\/2"}],"replies":[{"embeddable":true,"href":"https:\/\/profsenligne.net\/index.php\/wp-json\/wp\/v2\/comments?post=403"}],"version-history":[{"count":10,"href":"https:\/\/profsenligne.net\/index.php\/wp-json\/wp\/v2\/pages\/403\/revisions"}],"predecessor-version":[{"id":3687,"href":"https:\/\/profsenligne.net\/index.php\/wp-json\/wp\/v2\/pages\/403\/revisions\/3687"}],"wp:attachment":[{"href":"https:\/\/profsenligne.net\/index.php\/wp-json\/wp\/v2\/media?parent=403"}],"curies":[{"name":"wp","href":"https:\/\/api.w.org\/{rel}","templated":true}]}}