{"id":334,"date":"2020-03-22T13:41:40","date_gmt":"2020-03-22T12:41:40","guid":{"rendered":"http:\/\/profsenligne.free.fr\/?page_id=334"},"modified":"2020-04-16T15:33:26","modified_gmt":"2020-04-16T19:33:26","slug":"cpa-2","status":"publish","type":"page","link":"https:\/\/profsenligne.net\/index.php\/cpa-2\/","title":{"rendered":"CPB"},"content":{"rendered":"\n<p>Pour ces jours \u00e0 venir, votre ma\u00eetre vous propose les le\u00e7ons audio suivantes :<\/p>\n\n\n\n<figure>\n    <figcaption><b>Qu&#8217;est-ce qu&#8217;un probl\u00e8me?<\/b><\/figcaption>\n    <audio controls=\"\" src=\"\/wp-content\/uploads\/avril2020\/AH\/CPB\/Qu_prob.mp3\">\n            Your browser does not support the\n            <code>audio<\/code> element.\n    <\/audio>\n<\/figure>\n\n\n\n<figure>\n    <figcaption><b>Comprendre un probl\u00e8me :<\/b><\/figcaption>\n    <audio controls=\"\" src=\"\/wp-content\/uploads\/avril2020\/AH\/CPB\/Compr_prob.mp3\">\n            Your browser does not support the\n            <code>audio<\/code> element.\n    <\/audio>\n<\/figure>\n\n\n\n<figure>\n    <figcaption><b>Le son &#8216;in&#8217; partie 1 :<\/b><\/figcaption>\n    <audio controls=\"\" src=\"\/wp-content\/uploads\/avril2020\/AH\/CPB\/Son_in_1.mp3\">\n            Your browser does not support the\n            <code>audio<\/code> element.\n    <\/audio>\n<\/figure>\n\n\n\n<div class=\"wp-block-buttons is-layout-flex wp-block-buttons-is-layout-flex\">\n<div class=\"wp-block-button\"><a class=\"wp-block-button__link has-text-color has-very-light-gray-color has-background has-vivid-cyan-blue-background-color\" href=\"\/wp-content\/uploads\/avril2020\/AH\/CPB\/Son_in_1.pdf\" target=\"_blank\" rel=\"noreferrer noopener\">Planche 1<\/a><\/div>\n<\/div>\n\n\n\n<figure>\n    <figcaption><b>Le son &#8216;in&#8217; partie 2 :<\/b><\/figcaption>\n    <audio controls=\"\" src=\"\/wp-content\/uploads\/avril2020\/AH\/CPB\/Son_in_2.mp3\">\n            Your browser does not support the\n            <code>audio<\/code> element.\n    <\/audio>\n<\/figure>\n\n\n\n<div class=\"wp-block-buttons is-layout-flex wp-block-buttons-is-layout-flex\">\n<div class=\"wp-block-button\"><a class=\"wp-block-button__link has-text-color has-very-light-gray-color has-background has-vivid-cyan-blue-background-color\" href=\"\/wp-content\/uploads\/avril2020\/AH\/CPB\/Son_in_2.pdf\">Planche 2<\/a><\/div>\n<\/div>\n\n\n\n<hr class=\"wp-block-separator\"\/>\n\n\n\n<p>Aujourd&#8217;hui, votre ma\u00eetre vous pr\u00e9sente ses le\u00e7ons en audio :<\/p>\n\n\n\n<figure>\n    <figcaption><b>Calcul mental:<\/b><br>Enregistrement n\u00b01 :<\/figcaption>\n    <audio controls=\"\" src=\"\/wp-content\/uploads\/avril2020\/AH\/CPB\/Cal_ment1.mp3\">\n            Your browser does not support the\n            <code>audio<\/code> element.\n    <\/audio>\n<\/figure>\n\n\n\n<figure>\n    <figcaption>Enregistrement n\u00b02 :<\/figcaption>\n    <audio controls=\"\" src=\"\/wp-content\/uploads\/avril2020\/AH\/CPB\/Cal_ment2.mp3\">\n            Your browser does not support the\n            <code>audio<\/code> element.\n    <\/audio>\n<\/figure>\n\n\n\n<figure>\n    <figcaption>Enregistrement n\u00b03 :<\/figcaption>\n    <audio controls=\"\" src=\"\/wp-content\/uploads\/avril2020\/AH\/CPB\/Cal_ment3.mp3\">\n            Your browser does not support the\n            <code>audio<\/code> element.\n    <\/audio>\n<\/figure>\n\n\n\n<p>Ma\u00eetre Cyril vous propose sa le\u00e7on sur le &#8220;t&#8221; :<\/p>\n\n\n\n<figure>\n    <figcaption>Le son &#8220;t&#8221; partie 1 :<\/figcaption>\n    <audio controls=\"\" src=\"\/wp-content\/uploads\/mars2020\/Docs\/AH\/CPB\/Son_t_lect_P1.mp3\">\n            Your browser does not support the\n            <code>audio<\/code> element.\n    <\/audio>\n<\/figure>\n\n\n\n<div class=\"wp-block-buttons is-layout-flex wp-block-buttons-is-layout-flex\">\n<div class=\"wp-block-button\"><a class=\"wp-block-button__link has-text-color has-very-light-gray-color has-background has-vivid-cyan-blue-background-color\" href=\"\/wp-content\/uploads\/avril2020\/AH\/CPB\/Son_t_lect_P1.jpg\">Fiche lecture partie 1<\/a><\/div>\n<\/div>\n\n\n\n<figure>\n    <figcaption>Exercices partie 1 :<\/figcaption>\n    <audio controls=\"\" src=\"\/wp-content\/uploads\/mars2020\/Docs\/AH\/CPB\/Son_t_exo_P1.mp3\">\n            Your browser does not support the\n            <code>audio<\/code> element.\n    <\/audio>\n<\/figure>\n\n\n\n<div class=\"wp-block-buttons is-layout-flex wp-block-buttons-is-layout-flex\">\n<div class=\"wp-block-button\"><a class=\"wp-block-button__link has-text-color has-very-light-gray-color has-background has-vivid-cyan-blue-background-color\" href=\"\/wp-content\/uploads\/avril2020\/AH\/CPB\/Son_t_exo_P1.jpg\">Exercices partie 1<\/a><\/div>\n<\/div>\n\n\n\n<figure>\n    <figcaption>Lecture partie 2 :<\/figcaption>\n    <audio controls=\"\" src=\"\/wp-content\/uploads\/mars2020\/Docs\/AH\/CPB\/Son_t_lect_P2.mp3\">\n            Your browser does not support the\n            <code>audio<\/code> element.\n    <\/audio>\n<\/figure>\n\n\n\n<div class=\"wp-block-buttons is-layout-flex wp-block-buttons-is-layout-flex\">\n<div class=\"wp-block-button\"><a class=\"wp-block-button__link has-text-color has-very-light-gray-color has-background has-vivid-cyan-blue-background-color\" href=\"\/wp-content\/uploads\/avril2020\/AH\/CPB\/Son_t_lect_P2.jpg\">Fiche lecture partie 2<\/a><\/div>\n<\/div>\n\n\n\n<figure>\n    <figcaption>Exercices partie 2 :<\/figcaption>\n    <audio controls=\"\" src=\"\/wp-content\/uploads\/mars2020\/Docs\/AH\/CPB\/Son_t_exo_P2.mp3\">\n            Your browser does not support the\n            <code>audio<\/code> element.\n    <\/audio>\n<\/figure>\n\n\n\n<div class=\"wp-block-buttons is-layout-flex wp-block-buttons-is-layout-flex\">\n<div class=\"wp-block-button\"><a class=\"wp-block-button__link has-text-color has-very-light-gray-color has-background has-vivid-cyan-blue-background-color\" href=\"\/wp-content\/uploads\/avril2020\/AH\/CPB\/Son_t_exo_P2.jpg\">Exercices partie 2<\/a><\/div>\n<\/div>\n\n\n\n<figure>\n    <figcaption>Dict\u00e9e sons &#8220;z&#8221; et &#8220;t&#8221; :<\/figcaption>\n    <audio controls=\"\" src=\"\/wp-content\/uploads\/mars2020\/Docs\/AH\/CPB\/Sons_z_t_dictee.mp3\">\n            Your browser does not support the\n            <code>audio<\/code> element.\n    <\/audio>\n<\/figure>\n\n\n\n<hr class=\"wp-block-separator\"\/>\n\n\n\n<p>Une nouvelle le\u00e7on sous forme audio est pr\u00e9sent\u00e9e par le ma\u00eetre :<\/p>\n\n\n\n<figure>\n    <figcaption>Le son &#8220;z&#8221; n\u00b02 :<\/figcaption>\n    <audio controls=\"\" src=\"\/wp-content\/uploads\/mars2020\/Docs\/AH\/CPB\/Son_z_2.mp3\">\n            Your browser does not support the\n            <code>audio<\/code> element.\n    <\/audio>\n<\/figure>\n\n\n\n<div class=\"wp-block-buttons is-layout-flex wp-block-buttons-is-layout-flex\">\n<div class=\"wp-block-button\"><a class=\"wp-block-button__link has-text-color has-very-light-gray-color has-background has-vivid-cyan-blue-background-color\" href=\"\/wp-content\/uploads\/mars2020\/Docs\/AH\/CPB\/Son_z_2.jpg\">Fiche n\u00b03<\/a><\/div>\n<\/div>\n\n\n\n<p><strong>Math\u00e9matiques<\/strong><\/p>\n\n\n\n<div class=\"wp-block-buttons is-layout-flex wp-block-buttons-is-layout-flex\">\n<div class=\"wp-block-button\"><a class=\"wp-block-button__link has-text-color has-very-light-gray-color has-background has-vivid-cyan-blue-background-color\" href=\"\/wp-content\/uploads\/mars2020\/Docs\/AH\/CPB\/Maths_lecon_29.pdf\">Fiche n\u00b029<\/a><\/div>\n<\/div>\n\n\n\n<hr class=\"wp-block-separator\"\/>\n\n\n\n<p>Ma\u00eetre <strong>Cyril<\/strong> vous propose cette le\u00e7on sur le son &#8220;Z&#8221; qu&#8217;il a enregistr\u00e9e :<\/p>\n\n\n\n<div><embed src=\"\/jwplayer\/player.swf\" flashvars=\"file=https:\/\/profsenligne.net\/wp-content\/uploads\/mars2020\/Docs\/AH\/CPB\/Le_son_z.flv\" allowfullscreen=\"true\" allowscriptaccess=\"always\" bgcolor=\"undefined\" width=\"400\" height=\"300\"><\/div>\n\n\n\n<p>Voici les planches utilis\u00e9es pour la le\u00e7on:<\/p>\n\n\n\n<div class=\"wp-block-buttons is-layout-flex wp-block-buttons-is-layout-flex\">\n<div class=\"wp-block-button\"><a class=\"wp-block-button__link has-text-color has-very-light-gray-color has-background has-vivid-cyan-blue-background-color\" href=\"\/wp-content\/uploads\/mars2020\/Docs\/AH\/CPB\/Planche1.png\">Fiche 1<\/a><\/div>\n\n\n\n<div class=\"wp-block-button is-style-outline\"><a class=\"wp-block-button__link has-text-color has-very-light-gray-color has-background has-vivid-cyan-blue-background-color\" href=\"\/wp-content\/uploads\/mars2020\/Docs\/AH\/CPB\/Planche2.png\">Fiche 2<\/a><\/div>\n<\/div>\n\n\n\n<hr class=\"wp-block-separator\"\/>\n","protected":false},"excerpt":{"rendered":"<p>Pour ces jours \u00e0 venir, votre ma\u00eetre vous propose les le\u00e7ons audio suivantes : Qu&#8217;est-ce qu&#8217;un probl\u00e8me? Your browser does not support the audio element. Comprendre un probl\u00e8me : Your browser does not support the audio element. Le son &#8216;in&#8217; partie 1 : Your browser does not support the audio element. Le son &#8216;in&#8217; partie &hellip; <\/p>\n<p class=\"link-more\"><a href=\"https:\/\/profsenligne.net\/index.php\/cpa-2\/\" class=\"more-link\">Continue reading<span class=\"screen-reader-text\"> &#8220;CPB&#8221;<\/span><\/a><\/p>\n","protected":false},"author":2,"featured_media":0,"parent":0,"menu_order":0,"comment_status":"closed","ping_status":"closed","template":"","meta":{"footnotes":""},"_links":{"self":[{"href":"https:\/\/profsenligne.net\/index.php\/wp-json\/wp\/v2\/pages\/334"}],"collection":[{"href":"https:\/\/profsenligne.net\/index.php\/wp-json\/wp\/v2\/pages"}],"about":[{"href":"https:\/\/profsenligne.net\/index.php\/wp-json\/wp\/v2\/types\/page"}],"author":[{"embeddable":true,"href":"https:\/\/profsenligne.net\/index.php\/wp-json\/wp\/v2\/users\/2"}],"replies":[{"embeddable":true,"href":"https:\/\/profsenligne.net\/index.php\/wp-json\/wp\/v2\/comments?post=334"}],"version-history":[{"count":24,"href":"https:\/\/profsenligne.net\/index.php\/wp-json\/wp\/v2\/pages\/334\/revisions"}],"predecessor-version":[{"id":2029,"href":"https:\/\/profsenligne.net\/index.php\/wp-json\/wp\/v2\/pages\/334\/revisions\/2029"}],"wp:attachment":[{"href":"https:\/\/profsenligne.net\/index.php\/wp-json\/wp\/v2\/media?parent=334"}],"curies":[{"name":"wp","href":"https:\/\/api.w.org\/{rel}","templated":true}]}}