{"id":1234,"date":"2020-04-02T04:33:18","date_gmt":"2020-04-02T08:33:18","guid":{"rendered":"https:\/\/profsenligne.net\/?page_id=1234"},"modified":"2020-05-13T21:08:52","modified_gmt":"2020-05-14T01:08:52","slug":"page-pial","status":"publish","type":"page","link":"https:\/\/profsenligne.net\/index.php\/page-pial\/","title":{"rendered":"Page Pial"},"content":{"rendered":"\n<p>Jo\u00eblle vous propose des documents relatifs aux protocoles sanitaires pour les &nbsp;<strong>AESH<\/strong> et les &nbsp;enfants en <strong>situation de handicap<\/strong>.&nbsp;<\/p>\n\n\n\n<div class=\"wp-block-buttons is-layout-flex wp-block-buttons-is-layout-flex\">\n<div class=\"wp-block-button\"><a class=\"wp-block-button__link has-text-color has-very-light-gray-color has-background has-luminous-vivid-orange-background-color\" href=\"\/wp-content\/uploads\/mai2020\/Pial\/Protocole_sanitaire.pdf\">Protocole sanitaire<\/a><\/div>\n\n\n\n<div class=\"wp-block-button\"><a class=\"wp-block-button__link has-background has-vivid-purple-background-color\" href=\"\/wp-content\/uploads\/mai2020\/Pial\/Fiche_eleve.pdf\">Fiche de l&#8217;\u00e9l\u00e8ve<\/a><\/div>\n<\/div>\n\n\n\n<p><\/p>\n\n\n\n<hr class=\"wp-block-separator\"\/>\n\n\n\n<p><strong>Jo\u00eblle<\/strong>, m\u00e9diatrice scolaire et coordinatrice <strong>PIAL<\/strong> (<strong>P<\/strong>\u00f4le <strong>I<\/strong>nclusif d\u2019<strong>A<\/strong>ccompagnement <strong>L<\/strong>ocalis\u00e9), vous donne ses recommandations pour un climat serein en famille:<\/p>\n\n\n\n<div class=\"wp-block-buttons is-layout-flex wp-block-buttons-is-layout-flex\"><\/div>\n\n\n\n<p>&nbsp;<strong><a class=\"maxbutton-2 maxbutton maxbutton-bouton-recommandations\" href=\"\/wp-content\/uploads\/avril2020\/Maitre_spe\/Climat_serein.pdf\"><span class='mb-text'>Recommandations<\/span><\/a><\/strong><\/p>\n\n\n\n<hr class=\"wp-block-separator\"\/>\n","protected":false},"excerpt":{"rendered":"<p>Jo\u00eblle vous propose des documents relatifs aux protocoles sanitaires pour les &nbsp;AESH et les &nbsp;enfants en situation de handicap.&nbsp; Jo\u00eblle, m\u00e9diatrice scolaire et coordinatrice PIAL (P\u00f4le Inclusif d\u2019Accompagnement Localis\u00e9), vous donne ses recommandations pour un climat serein en famille: &nbsp;<\/p>\n","protected":false},"author":2,"featured_media":0,"parent":0,"menu_order":0,"comment_status":"closed","ping_status":"closed","template":"","meta":{"footnotes":""},"_links":{"self":[{"href":"https:\/\/profsenligne.net\/index.php\/wp-json\/wp\/v2\/pages\/1234"}],"collection":[{"href":"https:\/\/profsenligne.net\/index.php\/wp-json\/wp\/v2\/pages"}],"about":[{"href":"https:\/\/profsenligne.net\/index.php\/wp-json\/wp\/v2\/types\/page"}],"author":[{"embeddable":true,"href":"https:\/\/profsenligne.net\/index.php\/wp-json\/wp\/v2\/users\/2"}],"replies":[{"embeddable":true,"href":"https:\/\/profsenligne.net\/index.php\/wp-json\/wp\/v2\/comments?post=1234"}],"version-history":[{"count":11,"href":"https:\/\/profsenligne.net\/index.php\/wp-json\/wp\/v2\/pages\/1234\/revisions"}],"predecessor-version":[{"id":2942,"href":"https:\/\/profsenligne.net\/index.php\/wp-json\/wp\/v2\/pages\/1234\/revisions\/2942"}],"wp:attachment":[{"href":"https:\/\/profsenligne.net\/index.php\/wp-json\/wp\/v2\/media?parent=1234"}],"curies":[{"name":"wp","href":"https:\/\/api.w.org\/{rel}","templated":true}]}}